[INFO] cloning repository https://github.com/chufu/OwnBrain
[INFO] running `Command { std: "git" "-c" "credential.helper=" "-c" "credential.helper=/workspace/cargo-home/bin/git-credential-null" "clone" "--bare" "https://github.com/chufu/OwnBrain" "/workspace/cache/git-repos/https%3A%2F%2Fgithub.com%2Fchufu%2FOwnBrain", kill_on_drop: false }`
[INFO] [stderr] Cloning into bare repository '/workspace/cache/git-repos/https%3A%2F%2Fgithub.com%2Fchufu%2FOwnBrain'...
[INFO] running `Command { std: "git" "rev-parse" "HEAD", kill_on_drop: false }`
[INFO] [stdout] 5a244a3da6c60e5b4106e4032825b5e9dfbb3490
[INFO] checking chufu/OwnBrain against try#72f88fc4e9458f89516a0b8b0868f3718aec5b47 for pr-74989
[INFO] running `Command { std: "git" "clone" "/workspace/cache/git-repos/https%3A%2F%2Fgithub.com%2Fchufu%2FOwnBrain" "/workspace/builds/worker-4/source", kill_on_drop: false }`
[INFO] [stderr] Cloning into '/workspace/builds/worker-4/source'...
[INFO] [stderr] done.
[INFO] validating manifest of git repo https://github.com/chufu/OwnBrain on toolchain 72f88fc4e9458f89516a0b8b0868f3718aec5b47
[INFO] running `Command { std: "/workspace/cargo-home/bin/cargo" "+72f88fc4e9458f89516a0b8b0868f3718aec5b47" "read-manifest" "--manifest-path" "Cargo.toml", kill_on_drop: false }`
[INFO] started tweaking git repo https://github.com/chufu/OwnBrain
[INFO] removed path dependency sciter-rs from git repo https://github.com/chufu/OwnBrain
[INFO] finished tweaking git repo https://github.com/chufu/OwnBrain
[INFO] tweaked toml for git repo https://github.com/chufu/OwnBrain written to /workspace/builds/worker-4/source/Cargo.toml
[INFO] crate git repo https://github.com/chufu/OwnBrain already has a lockfile, it will not be regenerated
[INFO] running `Command { std: "/workspace/cargo-home/bin/cargo" "+72f88fc4e9458f89516a0b8b0868f3718aec5b47" "fetch" "--locked" "--manifest-path" "Cargo.toml", kill_on_drop: false }`
[INFO] [stderr] warning: dependency (sciter-rs) specified without providing a local path, Git repository, or version to use. This will be considered an error in future versions
[INFO] [stderr]     Updating crates.io index
[INFO] [stderr] error: the lock file /workspace/builds/worker-4/source/Cargo.lock needs to be updated but --locked was passed to prevent this
[INFO] [stderr] If you want to try to generate the lock file without accessing the network, use the --offline flag.
[INFO] the lockfile is outdated, regenerating it
[INFO] running `Command { std: "/workspace/cargo-home/bin/cargo" "+72f88fc4e9458f89516a0b8b0868f3718aec5b47" "generate-lockfile" "--manifest-path" "Cargo.toml" "-Zno-index-update", kill_on_drop: false }`
[INFO] running `Command { std: "/workspace/cargo-home/bin/cargo" "+72f88fc4e9458f89516a0b8b0868f3718aec5b47" "fetch" "--locked" "--manifest-path" "Cargo.toml", kill_on_drop: false }`
[INFO] [stderr] warning: dependency (sciter-rs) specified without providing a local path, Git repository, or version to use. This will be considered an error in future versions
[INFO] [stderr]  Downloading crates ...
[INFO] [stderr]   Downloaded named_pipe v0.2.4
[INFO] [stderr]   Downloaded twox-hash v1.0.1
[INFO] [stderr]   Downloaded mysql v7.1.2
[INFO] [stderr]   Downloaded sciter-rs v0.5.53
[INFO] running `Command { std: "docker" "create" "-v" "/var/lib/crater-agent-workspace/builds/worker-4/target:/opt/rustwide/target:rw,Z" "-v" "/var/lib/crater-agent-workspace/builds/worker-4/source:/opt/rustwide/workdir:ro,Z" "-v" "/var/lib/crater-agent-workspace/cargo-home:/opt/rustwide/cargo-home:ro,Z" "-v" "/var/lib/crater-agent-workspace/rustup-home:/opt/rustwide/rustup-home:ro,Z" "-e" "SOURCE_DIR=/opt/rustwide/workdir" "-e" "CARGO_TARGET_DIR=/opt/rustwide/target" "-e" "CARGO_HOME=/opt/rustwide/cargo-home" "-e" "RUSTUP_HOME=/opt/rustwide/rustup-home" "-w" "/opt/rustwide/workdir" "-m" "1610612736" "--user" "0:0" "--network" "none" "rustops/crates-build-env@sha256:d92eaeed33fa75130ca1ee6c8a01d1ffb62bac859dfdfb3450e3e5d1c0146529" "/opt/rustwide/cargo-home/bin/cargo" "+72f88fc4e9458f89516a0b8b0868f3718aec5b47" "metadata" "--no-deps" "--format-version=1", kill_on_drop: false }`
[INFO] [stdout] 315ef861792e592cfaec2131205e0e11898220086e24df28376e153de655e51c
[INFO] [stderr] WARNING: Your kernel does not support swap limit capabilities or the cgroup is not mounted. Memory limited without swap.
[INFO] running `Command { std: "docker" "start" "-a" "315ef861792e592cfaec2131205e0e11898220086e24df28376e153de655e51c", kill_on_drop: false }`
[INFO] running `Command { std: "docker" "inspect" "315ef861792e592cfaec2131205e0e11898220086e24df28376e153de655e51c", kill_on_drop: false }`
[INFO] running `Command { std: "docker" "rm" "-f" "315ef861792e592cfaec2131205e0e11898220086e24df28376e153de655e51c", kill_on_drop: false }`
[INFO] [stdout] 315ef861792e592cfaec2131205e0e11898220086e24df28376e153de655e51c
[INFO] running `Command { std: "docker" "create" "-v" "/var/lib/crater-agent-workspace/builds/worker-4/target:/opt/rustwide/target:rw,Z" "-v" "/var/lib/crater-agent-workspace/builds/worker-4/source:/opt/rustwide/workdir:ro,Z" "-v" "/var/lib/crater-agent-workspace/cargo-home:/opt/rustwide/cargo-home:ro,Z" "-v" "/var/lib/crater-agent-workspace/rustup-home:/opt/rustwide/rustup-home:ro,Z" "-e" "SOURCE_DIR=/opt/rustwide/workdir" "-e" "CARGO_TARGET_DIR=/opt/rustwide/target" "-e" "CARGO_INCREMENTAL=0" "-e" "RUST_BACKTRACE=full" "-e" "RUSTFLAGS=--cap-lints=forbid" "-e" "CARGO_HOME=/opt/rustwide/cargo-home" "-e" "RUSTUP_HOME=/opt/rustwide/rustup-home" "-w" "/opt/rustwide/workdir" "-m" "1610612736" "--user" "0:0" "--network" "none" "rustops/crates-build-env@sha256:d92eaeed33fa75130ca1ee6c8a01d1ffb62bac859dfdfb3450e3e5d1c0146529" "/opt/rustwide/cargo-home/bin/cargo" "+72f88fc4e9458f89516a0b8b0868f3718aec5b47" "check" "--frozen" "--all" "--all-targets" "--message-format=json", kill_on_drop: false }`
[INFO] [stdout] cf7b07be4b1aa1bb08d9e484aea59f6fd26755f71aa1599f596160e7e001e477
[INFO] [stderr] WARNING: Your kernel does not support swap limit capabilities or the cgroup is not mounted. Memory limited without swap.
[INFO] running `Command { std: "docker" "start" "-a" "cf7b07be4b1aa1bb08d9e484aea59f6fd26755f71aa1599f596160e7e001e477", kill_on_drop: false }`
[INFO] [stderr] warning: dependency (sciter-rs) specified without providing a local path, Git repository, or version to use. This will be considered an error in future versions
[INFO] [stderr]    Compiling libc v0.2.77
[INFO] [stderr]     Checking matches v0.1.8
[INFO] [stderr]     Checking percent-encoding v1.0.1
[INFO] [stderr]     Checking lazy_static v1.4.0
[INFO] [stderr]     Checking bitflags v0.7.0
[INFO] [stderr]    Compiling num-traits v0.2.12
[INFO] [stderr]    Compiling num-integer v0.1.43
[INFO] [stderr]    Compiling num-iter v0.1.41
[INFO] [stderr]     Checking named_pipe v0.2.4
[INFO] [stdout] error[E0433]: failed to resolve: could not find `windows` in `os`
[INFO] [stdout]   --> /opt/rustwide/cargo-home/registry/src/github.com-1ecc6299db9ec823/named_pipe-0.2.4/src/lib.rs:38:14
[INFO] [stdout]    |
[INFO] [stdout] 38 | use std::os::windows::io::RawHandle;
[INFO] [stdout]    |              ^^^^^^^ could not find `windows` in `os`
[INFO] [stdout] 
[INFO] [stdout] 
[INFO] [stdout] error[E0433]: failed to resolve: could not find `windows` in `os`
[INFO] [stdout]   --> /opt/rustwide/cargo-home/registry/src/github.com-1ecc6299db9ec823/named_pipe-0.2.4/src/lib.rs:39:14
[INFO] [stdout]    |
[INFO] [stdout] 39 | use std::os::windows::ffi::OsStrExt;
[INFO] [stdout]    |              ^^^^^^^ could not find `windows` in `os`
[INFO] [stdout] 
[INFO] [stdout] 
[INFO] [stderr]     Checking unicode-bidi v0.3.4
[INFO] [stdout] error[E0412]: cannot find type `RawHandle` in this scope
[INFO] [stdout]    --> /opt/rustwide/cargo-home/registry/src/github.com-1ecc6299db9ec823/named_pipe-0.2.4/src/lib.rs:47:12
[INFO] [stdout]     |
[INFO] [stdout] 47  |     value: RawHandle,
[INFO] [stdout]     |            ^^^^^^^^^ help: a struct with a similar name exists: `ReadHandle`
[INFO] [stdout] ...
[INFO] [stdout] 857 | pub struct ReadHandle<'a, T> {
[INFO] [stdout]     | ---------------------------- similarly named struct `ReadHandle` defined here
[INFO] [stdout] 
[INFO] [stdout] 
[INFO] [stdout] error[E0425]: cannot find function, tuple struct or tuple variant `CloseHandle` in this scope
[INFO] [stdout]   --> /opt/rustwide/cargo-home/registry/src/github.com-1ecc6299db9ec823/named_pipe-0.2.4/src/lib.rs:52:26
[INFO] [stdout]    |
[INFO] [stdout] 52 |         let _ = unsafe { CloseHandle(self.value) };
[INFO] [stdout]    |                          ^^^^^^^^^^^ not found in this scope
[INFO] [stdout] 
[INFO] [stdout] 
[INFO] [stdout] error[E0425]: cannot find function, tuple struct or tuple variant `CreateEventW` in this scope
[INFO] [stdout]   --> /opt/rustwide/cargo-home/registry/src/github.com-1ecc6299db9ec823/named_pipe-0.2.4/src/lib.rs:67:13
[INFO] [stdout]    |
[INFO] [stdout] 67 |             CreateEventW(ptr::null_mut(),
[INFO] [stdout]    |             ^^^^^^^^^^^^ not found in this scope
[INFO] [stdout] 
[INFO] [stdout] 
[INFO] [stdout] error[E0425]: cannot find function, tuple struct or tuple variant `ResetEvent` in this scope
[INFO] [stdout]   --> /opt/rustwide/cargo-home/registry/src/github.com-1ecc6299db9ec823/named_pipe-0.2.4/src/lib.rs:80:31
[INFO] [stdout]    |
[INFO] [stdout] 80 |         let result = unsafe { ResetEvent(self.handle.value) };
[INFO] [stdout]    |                               ^^^^^^^^^^ not found in this scope
[INFO] [stdout] 
[INFO] [stdout] 
[INFO] [stdout] error[E0425]: cannot find function, tuple struct or tuple variant `SetEvent` in this scope
[INFO] [stdout]   --> /opt/rustwide/cargo-home/registry/src/github.com-1ecc6299db9ec823/named_pipe-0.2.4/src/lib.rs:89:31
[INFO] [stdout]    |
[INFO] [stdout] 89 |         let result = unsafe { SetEvent(self.handle.value) };
[INFO] [stdout]    |                               ^^^^^^^^ not found in this scope
[INFO] [stdout] 
[INFO] [stdout] 
[INFO] [stdout] error[E0412]: cannot find type `OVERLAPPED` in this scope
[INFO] [stdout]    --> /opt/rustwide/cargo-home/registry/src/github.com-1ecc6299db9ec823/named_pipe-0.2.4/src/lib.rs:100:14
[INFO] [stdout]     |
[INFO] [stdout] 99  | struct Overlapped {
[INFO] [stdout]     |                  - help: you might be missing a type parameter: `<OVERLAPPED>`
[INFO] [stdout] 100 |     ovl: Box<OVERLAPPED>,
[INFO] [stdout]     |              ^^^^^^^^^^ not found in this scope
[INFO] [stdout] 
[INFO] [stdout] 
[INFO] [stdout] error[E0412]: cannot find type `OVERLAPPED` in this scope
[INFO] [stdout]    --> /opt/rustwide/cargo-home/registry/src/github.com-1ecc6299db9ec823/named_pipe-0.2.4/src/lib.rs:107:26
[INFO] [stdout]     |
[INFO] [stdout] 104 | impl Overlapped {
[INFO] [stdout]     |     - help: you might be missing a type parameter: `<OVERLAPPED>`
[INFO] [stdout] ...
[INFO] [stdout] 107 |         let mut ovl: Box<OVERLAPPED> = Box::new(unsafe { mem::zeroed() });
[INFO] [stdout]     |                          ^^^^^^^^^^ not found in this scope
[INFO] [stdout] 
[INFO] [stdout] 
[INFO] [stdout] error[E0412]: cannot find type `OVERLAPPED` in this scope
[INFO] [stdout]    --> /opt/rustwide/cargo-home/registry/src/github.com-1ecc6299db9ec823/named_pipe-0.2.4/src/lib.rs:122:35
[INFO] [stdout]     |
[INFO] [stdout] 122 |     fn get_mut(&mut self) -> &mut OVERLAPPED {
[INFO] [stdout]     |                                   ^^^^^^^^^^ not found in this scope
[INFO] [stdout] 
[INFO] [stdout] 
[INFO] [stdout] error[E0425]: cannot find value `PIPE_ACCESS_INBOUND` in this scope
[INFO] [stdout]    --> /opt/rustwide/cargo-home/registry/src/github.com-1ecc6299db9ec823/named_pipe-0.2.4/src/lib.rs:140:32
[INFO] [stdout]     |
[INFO] [stdout] 140 |             &OpenMode::Read => PIPE_ACCESS_INBOUND,
[INFO] [stdout]     |                                ^^^^^^^^^^^^^^^^^^^ not found in this scope
[INFO] [stdout] 
[INFO] [stdout] 
[INFO] [stdout] error[E0425]: cannot find value `PIPE_ACCESS_OUTBOUND` in this scope
[INFO] [stdout]    --> /opt/rustwide/cargo-home/registry/src/github.com-1ecc6299db9ec823/named_pipe-0.2.4/src/lib.rs:141:33
[INFO] [stdout]     |
[INFO] [stdout] 141 |             &OpenMode::Write => PIPE_ACCESS_OUTBOUND,
[INFO] [stdout]     |                                 ^^^^^^^^^^^^^^^^^^^^ not found in this scope
[INFO] [stdout] 
[INFO] [stdout] 
[INFO] [stdout] error[E0425]: cannot find value `PIPE_ACCESS_DUPLEX` in this scope
[INFO] [stdout]    --> /opt/rustwide/cargo-home/registry/src/github.com-1ecc6299db9ec823/named_pipe-0.2.4/src/lib.rs:142:34
[INFO] [stdout]     |
[INFO] [stdout] 142 |             &OpenMode::Duplex => PIPE_ACCESS_DUPLEX,
[INFO] [stdout]     |                                  ^^^^^^^^^^^^^^^^^^ not found in this scope
[INFO] [stdout] 
[INFO] [stdout] 
[INFO] [stdout] error[E0425]: cannot find function, tuple struct or tuple variant `CreateNamedPipeW` in this scope
[INFO] [stdout]    --> /opt/rustwide/cargo-home/registry/src/github.com-1ecc6299db9ec823/named_pipe-0.2.4/src/lib.rs:169:13
[INFO] [stdout]     |
[INFO] [stdout] 169 |             CreateNamedPipeW(self.name.as_ptr(),
[INFO] [stdout]     |             ^^^^^^^^^^^^^^^^ not found in this scope
[INFO] [stdout] 
[INFO] [stdout] 
[INFO] [stdout] error[E0425]: cannot find value `FILE_FLAG_OVERLAPPED` in this scope
[INFO] [stdout]    --> /opt/rustwide/cargo-home/registry/src/github.com-1ecc6299db9ec823/named_pipe-0.2.4/src/lib.rs:170:54
[INFO] [stdout]     |
[INFO] [stdout] 170 | ...                   (self.open_mode.val() | FILE_FLAG_OVERLAPPED |
[INFO] [stdout]     |                                               ^^^^^^^^^^^^^^^^^^^^ not found in this scope
[INFO] [stdout] 
[INFO] [stdout] 
[INFO] [stdout] error[E0425]: cannot find value `FILE_FLAG_FIRST_PIPE_INSTANCE` in this scope
[INFO] [stdout]    --> /opt/rustwide/cargo-home/registry/src/github.com-1ecc6299db9ec823/named_pipe-0.2.4/src/lib.rs:171:41
[INFO] [stdout]     |
[INFO] [stdout] 171 | ...                   if first {FILE_FLAG_FIRST_PIPE_INSTANCE} else {0}),
[INFO] [stdout]     |                                 ^^^^^^^^^^^^^^^^^^^^^^^^^^^^^ not found in this scope
[INFO] [stdout] 
[INFO] [stdout] 
[INFO] [stdout] error[E0425]: cannot find value `PIPE_TYPE_BYTE` in this scope
[INFO] [stdout]    --> /opt/rustwide/cargo-home/registry/src/github.com-1ecc6299db9ec823/named_pipe-0.2.4/src/lib.rs:172:30
[INFO] [stdout]     |
[INFO] [stdout] 172 | ...                   PIPE_TYPE_BYTE | PIPE_READMODE_BYTE | PIPE_WAIT,
[INFO] [stdout]     |                       ^^^^^^^^^^^^^^ not found in this scope
[INFO] [stdout] 
[INFO] [stdout] 
[INFO] [stdout] error[E0425]: cannot find value `PIPE_READMODE_BYTE` in this scope
[INFO] [stdout]    --> /opt/rustwide/cargo-home/registry/src/github.com-1ecc6299db9ec823/named_pipe-0.2.4/src/lib.rs:172:47
[INFO] [stdout]     |
[INFO] [stdout] 172 | ...                   PIPE_TYPE_BYTE | PIPE_READMODE_BYTE | PIPE_WAIT,
[INFO] [stdout]     |                                        ^^^^^^^^^^^^^^^^^^ not found in this scope
[INFO] [stdout] 
[INFO] [stdout] 
[INFO] [stdout] error[E0425]: cannot find value `PIPE_WAIT` in this scope
[INFO] [stdout]    --> /opt/rustwide/cargo-home/registry/src/github.com-1ecc6299db9ec823/named_pipe-0.2.4/src/lib.rs:172:68
[INFO] [stdout]     |
[INFO] [stdout] 172 | ...                   PIPE_TYPE_BYTE | PIPE_READMODE_BYTE | PIPE_WAIT,
[INFO] [stdout]     |                                                             ^^^^^^^^^ not found in this scope
[INFO] [stdout] 
[INFO] [stdout] 
[INFO] [stdout] error[E0425]: cannot find value `PIPE_UNLIMITED_INSTANCES` in this scope
[INFO] [stdout]    --> /opt/rustwide/cargo-home/registry/src/github.com-1ecc6299db9ec823/named_pipe-0.2.4/src/lib.rs:173:30
[INFO] [stdout]     |
[INFO] [stdout] 173 | ...                   PIPE_UNLIMITED_INSTANCES,
[INFO] [stdout]     |                       ^^^^^^^^^^^^^^^^^^^^^^^^ not found in this scope
[INFO] [stdout] 
[INFO] [stdout] 
[INFO] [stdout] error[E0425]: cannot find value `INVALID_HANDLE_VALUE` in this scope
[INFO] [stdout]    --> /opt/rustwide/cargo-home/registry/src/github.com-1ecc6299db9ec823/named_pipe-0.2.4/src/lib.rs:180:22
[INFO] [stdout]     |
[INFO] [stdout] 180 |         if handle != INVALID_HANDLE_VALUE {
[INFO] [stdout]     |                      ^^^^^^^^^^^^^^^^^^^^ not found in this scope
[INFO] [stdout] 
[INFO] [stdout] 
[INFO] [stdout] error[E0425]: cannot find value `INFINITE` in this scope
[INFO] [stdout]    --> /opt/rustwide/cargo-home/registry/src/github.com-1ecc6299db9ec823/named_pipe-0.2.4/src/lib.rs:267:33
[INFO] [stdout]     |
[INFO] [stdout] 267 |         match try!(self.wait_ms(INFINITE)) {
[INFO] [stdout]     |                                 ^^^^^^^^ not found in this scope
[INFO] [stdout] 
[INFO] [stdout] 
[INFO] [stdout] error[E0425]: cannot find function, tuple struct or tuple variant `FlushFileBuffers` in this scope
[INFO] [stdout]    --> /opt/rustwide/cargo-home/registry/src/github.com-1ecc6299db9ec823/named_pipe-0.2.4/src/lib.rs:310:35
[INFO] [stdout]     |
[INFO] [stdout] 310 |         let mut result = unsafe { FlushFileBuffers(handle.value) };
[INFO] [stdout]     |                                   ^^^^^^^^^^^^^^^^ not found in this scope
[INFO] [stdout] 
[INFO] [stdout] 
[INFO] [stdout] error[E0425]: cannot find function, tuple struct or tuple variant `DisconnectNamedPipe` in this scope
[INFO] [stdout]    --> /opt/rustwide/cargo-home/registry/src/github.com-1ecc6299db9ec823/named_pipe-0.2.4/src/lib.rs:313:31
[INFO] [stdout]     |
[INFO] [stdout] 313 |             result = unsafe { DisconnectNamedPipe(handle.value) };
[INFO] [stdout]     |                               ^^^^^^^^^^^^^^^^^^^ not found in this scope
[INFO] [stdout] 
[INFO] [stdout] 
[INFO] [stdout] error[E0425]: cannot find value `ERROR_BROKEN_PIPE` in this scope
[INFO] [stdout]    --> /opt/rustwide/cargo-home/registry/src/github.com-1ecc6299db9ec823/named_pipe-0.2.4/src/lib.rs:408:55
[INFO] [stdout]     |
[INFO] [stdout] 408 |             Err(err) => if err.raw_os_error() == Some(ERROR_BROKEN_PIPE as i32) {
[INFO] [stdout]     |                                                       ^^^^^^^^^^^^^^^^^ not found in this scope
[INFO] [stdout] 
[INFO] [stdout] 
[INFO] [stdout] error[E0425]: cannot find function, tuple struct or tuple variant `FlushFileBuffers` in this scope
[INFO] [stdout]    --> /opt/rustwide/cargo-home/registry/src/github.com-1ecc6299db9ec823/named_pipe-0.2.4/src/lib.rs:425:39
[INFO] [stdout]     |
[INFO] [stdout] 425 |                 let result = unsafe { FlushFileBuffers(handle.value) };
[INFO] [stdout]     |                                       ^^^^^^^^^^^^^^^^ not found in this scope
[INFO] [stdout] 
[INFO] [stdout] 
[INFO] [stdout] error[E0425]: cannot find function, tuple struct or tuple variant `FlushFileBuffers` in this scope
[INFO] [stdout]    --> /opt/rustwide/cargo-home/registry/src/github.com-1ecc6299db9ec823/named_pipe-0.2.4/src/lib.rs:440:30
[INFO] [stdout]     |
[INFO] [stdout] 440 |             let _ = unsafe { FlushFileBuffers(handle.value) };
[INFO] [stdout]     |                              ^^^^^^^^^^^^^^^^ not found in this scope
[INFO] [stdout] 
[INFO] [stdout] 
[INFO] [stdout] error[E0425]: cannot find function, tuple struct or tuple variant `DisconnectNamedPipe` in this scope
[INFO] [stdout]    --> /opt/rustwide/cargo-home/registry/src/github.com-1ecc6299db9ec823/named_pipe-0.2.4/src/lib.rs:441:30
[INFO] [stdout]     |
[INFO] [stdout] 441 |             let _ = unsafe { DisconnectNamedPipe(handle.value) };
[INFO] [stdout]     |                              ^^^^^^^^^^^^^^^^^^^ not found in this scope
[INFO] [stdout] 
[INFO] [stdout] 
[INFO] [stdout] error[E0412]: cannot find type `DWORD` in this scope
[INFO] [stdout]    --> /opt/rustwide/cargo-home/registry/src/github.com-1ecc6299db9ec823/named_pipe-0.2.4/src/lib.rs:456:43
[INFO] [stdout]     |
[INFO] [stdout] 456 |     fn create_file(name: &Vec<u16>, mode: DWORD) -> io::Result<Handle> {
[INFO] [stdout]     |                                           ^^^^^ not found in this scope
[INFO] [stdout] 
[INFO] [stdout] 
[INFO] [stdout] error[E0425]: cannot find function, tuple struct or tuple variant `CreateFileW` in this scope
[INFO] [stdout]    --> /opt/rustwide/cargo-home/registry/src/github.com-1ecc6299db9ec823/named_pipe-0.2.4/src/lib.rs:459:17
[INFO] [stdout]     |
[INFO] [stdout] 459 |                 CreateFileW(name.as_ptr(),
[INFO] [stdout]     |                 ^^^^^^^^^^^ not found in this scope
[INFO] [stdout] 
[INFO] [stdout] 
[INFO] [stdout] error[E0425]: cannot find value `OPEN_EXISTING` in this scope
[INFO] [stdout]    --> /opt/rustwide/cargo-home/registry/src/github.com-1ecc6299db9ec823/named_pipe-0.2.4/src/lib.rs:463:29
[INFO] [stdout]     |
[INFO] [stdout] 463 | ...                   OPEN_EXISTING,
[INFO] [stdout]     |                       ^^^^^^^^^^^^^ not found in this scope
[INFO] [stdout] 
[INFO] [stdout] 
[INFO] [stdout] error[E0425]: cannot find value `FILE_FLAG_OVERLAPPED` in this scope
[INFO] [stdout]    --> /opt/rustwide/cargo-home/registry/src/github.com-1ecc6299db9ec823/named_pipe-0.2.4/src/lib.rs:464:29
[INFO] [stdout]     |
[INFO] [stdout] 464 | ...                   FILE_FLAG_OVERLAPPED,
[INFO] [stdout]     |                       ^^^^^^^^^^^^^^^^^^^^ not found in this scope
[INFO] [stdout] 
[INFO] [stdout] 
[INFO] [stdout] error[E0425]: cannot find value `INVALID_HANDLE_VALUE` in this scope
[INFO] [stdout]    --> /opt/rustwide/cargo-home/registry/src/github.com-1ecc6299db9ec823/named_pipe-0.2.4/src/lib.rs:468:26
[INFO] [stdout]     |
[INFO] [stdout] 468 |             if handle != INVALID_HANDLE_VALUE {
[INFO] [stdout]     |                          ^^^^^^^^^^^^^^^^^^^^ not found in this scope
[INFO] [stdout] 
[INFO] [stdout] 
[INFO] [stdout] error[E0425]: cannot find function, tuple struct or tuple variant `GetLastError` in this scope
[INFO] [stdout]    --> /opt/rustwide/cargo-home/registry/src/github.com-1ecc6299db9ec823/named_pipe-0.2.4/src/lib.rs:472:28
[INFO] [stdout]     |
[INFO] [stdout] 472 |             match unsafe { GetLastError() } {
[INFO] [stdout]     |                            ^^^^^^^^^^^^ not found in this scope
[INFO] [stdout] 
[INFO] [stdout] 
[INFO] [stdout] error[E0425]: cannot find function, tuple struct or tuple variant `WaitNamedPipeW` in this scope
[INFO] [stdout]    --> /opt/rustwide/cargo-home/registry/src/github.com-1ecc6299db9ec823/named_pipe-0.2.4/src/lib.rs:474:30
[INFO] [stdout]     |
[INFO] [stdout] 474 |                     unsafe { WaitNamedPipeW(name.as_ptr(), 0) };
[INFO] [stdout]     |                              ^^^^^^^^^^^^^^ not found in this scope
[INFO] [stdout] 
[INFO] [stdout] 
[INFO] [stdout] error[E0425]: cannot find value `GENERIC_READ` in this scope
[INFO] [stdout]    --> /opt/rustwide/cargo-home/registry/src/github.com-1ecc6299db9ec823/named_pipe-0.2.4/src/lib.rs:477:38
[INFO] [stdout]     |
[INFO] [stdout] 477 |                     mode if mode == (GENERIC_READ | GENERIC_WRITE) => {
[INFO] [stdout]     |                                      ^^^^^^^^^^^^ not found in this scope
[INFO] [stdout] 
[INFO] [stdout] 
[INFO] [stdout] error[E0425]: cannot find value `GENERIC_WRITE` in this scope
[INFO] [stdout]    --> /opt/rustwide/cargo-home/registry/src/github.com-1ecc6299db9ec823/named_pipe-0.2.4/src/lib.rs:477:53
[INFO] [stdout]     |
[INFO] [stdout] 477 |                     mode if mode == (GENERIC_READ | GENERIC_WRITE) => {
[INFO] [stdout]     |                                                     ^^^^^^^^^^^^^ not found in this scope
[INFO] [stdout] 
[INFO] [stdout] 
[INFO] [stdout] error[E0425]: cannot find value `GENERIC_READ` in this scope
[INFO] [stdout]    --> /opt/rustwide/cargo-home/registry/src/github.com-1ecc6299db9ec823/named_pipe-0.2.4/src/lib.rs:478:62
[INFO] [stdout]     |
[INFO] [stdout] 478 |                         return PipeClient::create_file(name, GENERIC_READ | FILE_WRITE_ATTRIBUTES);
[INFO] [stdout]     |                                                              ^^^^^^^^^^^^ not found in this scope
[INFO] [stdout] 
[INFO] [stdout] 
[INFO] [stdout] error[E0425]: cannot find value `FILE_WRITE_ATTRIBUTES` in this scope
[INFO] [stdout]    --> /opt/rustwide/cargo-home/registry/src/github.com-1ecc6299db9ec823/named_pipe-0.2.4/src/lib.rs:478:77
[INFO] [stdout]     |
[INFO] [stdout] 478 |                         return PipeClient::create_file(name, GENERIC_READ | FILE_WRITE_ATTRIBUTES);
[INFO] [stdout]     |                                                                             ^^^^^^^^^^^^^^^^^^^^^ not found in this scope
[INFO] [stdout] 
[INFO] [stdout] 
[INFO] [stdout] error[E0425]: cannot find value `GENERIC_READ` in this scope
[INFO] [stdout]    --> /opt/rustwide/cargo-home/registry/src/github.com-1ecc6299db9ec823/named_pipe-0.2.4/src/lib.rs:480:38
[INFO] [stdout]     |
[INFO] [stdout] 480 |                     mode if mode == (GENERIC_READ | FILE_WRITE_ATTRIBUTES) => {
[INFO] [stdout]     |                                      ^^^^^^^^^^^^ not found in this scope
[INFO] [stdout] 
[INFO] [stdout] 
[INFO] [stdout] error[E0425]: cannot find value `FILE_WRITE_ATTRIBUTES` in this scope
[INFO] [stdout]    --> /opt/rustwide/cargo-home/registry/src/github.com-1ecc6299db9ec823/named_pipe-0.2.4/src/lib.rs:480:53
[INFO] [stdout]     |
[INFO] [stdout] 480 |                     mode if mode == (GENERIC_READ | FILE_WRITE_ATTRIBUTES) => {
[INFO] [stdout]     |                                                     ^^^^^^^^^^^^^^^^^^^^^ not found in this scope
[INFO] [stdout] 
[INFO] [stdout] 
[INFO] [stdout] error[E0425]: cannot find value `GENERIC_WRITE` in this scope
[INFO] [stdout]    --> /opt/rustwide/cargo-home/registry/src/github.com-1ecc6299db9ec823/named_pipe-0.2.4/src/lib.rs:481:62
[INFO] [stdout]     |
[INFO] [stdout] 481 |                         return PipeClient::create_file(name, GENERIC_WRITE | FILE_READ_ATTRIBUTES);
[INFO] [stdout]     |                                                              ^^^^^^^^^^^^^ not found in this scope
[INFO] [stdout] 
[INFO] [stdout] 
[INFO] [stdout] error[E0425]: cannot find value `FILE_READ_ATTRIBUTES` in this scope
[INFO] [stdout]    --> /opt/rustwide/cargo-home/registry/src/github.com-1ecc6299db9ec823/named_pipe-0.2.4/src/lib.rs:481:78
[INFO] [stdout]     |
[INFO] [stdout] 481 |                         return PipeClient::create_file(name, GENERIC_WRITE | FILE_READ_ATTRIBUTES);
[INFO] [stdout]     |                                                                              ^^^^^^^^^^^^^^^^^^^^ not found in this scope
[INFO] [stdout] 
[INFO] [stdout] 
[INFO] [stdout] error[E0425]: cannot find value `GENERIC_READ` in this scope
[INFO] [stdout]    --> /opt/rustwide/cargo-home/registry/src/github.com-1ecc6299db9ec823/named_pipe-0.2.4/src/lib.rs:506:55
[INFO] [stdout]     |
[INFO] [stdout] 506 |             match PipeClient::create_file(&full_name, GENERIC_READ | GENERIC_WRITE) {
[INFO] [stdout]     |                                                       ^^^^^^^^^^^^ not found in this scope
[INFO] [stdout] 
[INFO] [stdout] 
[INFO] [stdout] error[E0425]: cannot find value `GENERIC_WRITE` in this scope
[INFO] [stdout]    --> /opt/rustwide/cargo-home/registry/src/github.com-1ecc6299db9ec823/named_pipe-0.2.4/src/lib.rs:506:70
[INFO] [stdout]     |
[INFO] [stdout] 506 |             match PipeClient::create_file(&full_name, GENERIC_READ | GENERIC_WRITE) {
[INFO] [stdout]     |                                                                      ^^^^^^^^^^^^^ not found in this scope
[INFO] [stdout] 
[INFO] [stdout] 
[INFO] [stdout] error[E0425]: cannot find value `PIPE_TYPE_BYTE` in this scope
[INFO] [stdout]    --> /opt/rustwide/cargo-home/registry/src/github.com-1ecc6299db9ec823/named_pipe-0.2.4/src/lib.rs:509:40
[INFO] [stdout]     |
[INFO] [stdout] 509 |                         let mut mode = PIPE_TYPE_BYTE | PIPE_READMODE_BYTE | PIPE_WAIT;
[INFO] [stdout]     |                                        ^^^^^^^^^^^^^^ not found in this scope
[INFO] [stdout] 
[INFO] [stdout] 
[INFO] [stdout] error[E0425]: cannot find value `PIPE_READMODE_BYTE` in this scope
[INFO] [stdout]    --> /opt/rustwide/cargo-home/registry/src/github.com-1ecc6299db9ec823/named_pipe-0.2.4/src/lib.rs:509:57
[INFO] [stdout]     |
[INFO] [stdout] 509 |                         let mut mode = PIPE_TYPE_BYTE | PIPE_READMODE_BYTE | PIPE_WAIT;
[INFO] [stdout]     |                                                         ^^^^^^^^^^^^^^^^^^ not found in this scope
[INFO] [stdout] 
[INFO] [stdout] 
[INFO] [stdout] error[E0425]: cannot find value `PIPE_WAIT` in this scope
[INFO] [stdout]    --> /opt/rustwide/cargo-home/registry/src/github.com-1ecc6299db9ec823/named_pipe-0.2.4/src/lib.rs:509:78
[INFO] [stdout]     |
[INFO] [stdout] 509 |                         let mut mode = PIPE_TYPE_BYTE | PIPE_READMODE_BYTE | PIPE_WAIT;
[INFO] [stdout]     |                                                                              ^^^^^^^^^ not found in this scope
[INFO] [stdout] 
[INFO] [stdout] 
[INFO] [stdout] error[E0425]: cannot find function, tuple struct or tuple variant `SetNamedPipeHandleState` in this scope
[INFO] [stdout]    --> /opt/rustwide/cargo-home/registry/src/github.com-1ecc6299db9ec823/named_pipe-0.2.4/src/lib.rs:510:25
[INFO] [stdout]     |
[INFO] [stdout] 510 |                         SetNamedPipeHandleState(handle.value,
[INFO] [stdout]     |                         ^^^^^^^^^^^^^^^^^^^^^^^ not found in this scope
[INFO] [stdout] 
[INFO] [stdout] 
[INFO] [stdout] error[E0425]: cannot find value `ERROR_PIPE_BUSY` in this scope
[INFO] [stdout]    --> /opt/rustwide/cargo-home/registry/src/github.com-1ecc6299db9ec823/named_pipe-0.2.4/src/lib.rs:528:55
[INFO] [stdout]     |
[INFO] [stdout] 528 |                     if err.raw_os_error().unwrap() == ERROR_PIPE_BUSY as i32 {
[INFO] [stdout]     |                                                       ^^^^^^^^^^^^^^^ not found in this scope
[INFO] [stdout] 
[INFO] [stdout] 
[INFO] [stdout] error[E0425]: cannot find function, tuple struct or tuple variant `WaitNamedPipeW` in this scope
[INFO] [stdout]    --> /opt/rustwide/cargo-home/registry/src/github.com-1ecc6299db9ec823/named_pipe-0.2.4/src/lib.rs:531:51
[INFO] [stdout]     |
[INFO] [stdout] 531 | ...                   let result = unsafe { WaitNamedPipeW(full_name.as_ptr(), timeout) };
[INFO] [stdout]     |                                             ^^^^^^^^^^^^^^ not found in this scope
[INFO] [stdout] 
[INFO] [stdout] 
[INFO] [stdout] error[E0425]: cannot find function, tuple struct or tuple variant `FlushFileBuffers` in this scope
[INFO] [stdout]    --> /opt/rustwide/cargo-home/registry/src/github.com-1ecc6299db9ec823/named_pipe-0.2.4/src/lib.rs:633:31
[INFO] [stdout]     |
[INFO] [stdout] 633 |         let result = unsafe { FlushFileBuffers(self.handle.value) };
[INFO] [stdout]     |                               ^^^^^^^^^^^^^^^^ not found in this scope
[INFO] [stdout] 
[INFO] [stdout] 
[INFO] [stdout] error[E0412]: cannot find type `RawHandle` in this scope
[INFO] [stdout]    --> /opt/rustwide/cargo-home/registry/src/github.com-1ecc6299db9ec823/named_pipe-0.2.4/src/lib.rs:644:13
[INFO] [stdout]     |
[INFO] [stdout] 644 |     handle: RawHandle,
[INFO] [stdout]     |             ^^^^^^^^^ help: a struct with a similar name exists: `ReadHandle`
[INFO] [stdout] ...
[INFO] [stdout] 857 | pub struct ReadHandle<'a, T> {
[INFO] [stdout]     | ---------------------------- similarly named struct `ReadHandle` defined here
[INFO] [stdout] 
[INFO] [stdout] 
[INFO] [stdout] error[E0412]: cannot find type `RawHandle` in this scope
[INFO] [stdout]    --> /opt/rustwide/cargo-home/registry/src/github.com-1ecc6299db9ec823/named_pipe-0.2.4/src/lib.rs:651:18
[INFO] [stdout]     |
[INFO] [stdout] 651 |     pipe_handle: RawHandle,
[INFO] [stdout]     |                  ^^^^^^^^^ help: a struct with a similar name exists: `ReadHandle`
[INFO] [stdout] ...
[INFO] [stdout] 857 | pub struct ReadHandle<'a, T> {
[INFO] [stdout]     | ---------------------------- similarly named struct `ReadHandle` defined here
[INFO] [stdout] 
[INFO] [stdout] 
[INFO] [stdout] error[E0412]: cannot find type `RawHandle` in this scope
[INFO] [stdout]    --> /opt/rustwide/cargo-home/registry/src/github.com-1ecc6299db9ec823/named_pipe-0.2.4/src/lib.rs:652:19
[INFO] [stdout]     |
[INFO] [stdout] 652 |     event_handle: RawHandle,
[INFO] [stdout]     |                   ^^^^^^^^^ help: a struct with a similar name exists: `ReadHandle`
[INFO] [stdout] ...
[INFO] [stdout] 857 | pub struct ReadHandle<'a, T> {
[INFO] [stdout]     | ---------------------------- similarly named struct `ReadHandle` defined here
[INFO] [stdout] 
[INFO] [stdout] 
[INFO] [stdout] error[E0425]: cannot find value `INFINITE` in this scope
[INFO] [stdout]    --> /opt/rustwide/cargo-home/registry/src/github.com-1ecc6299db9ec823/named_pipe-0.2.4/src/lib.rs:893:61
[INFO] [stdout]     |
[INFO] [stdout] 893 |             let timeout = self.get_read_timeout().unwrap_or(INFINITE);
[INFO] [stdout]     |                                                             ^^^^^^^^ not found in this scope
[INFO] [stdout] 
[INFO] [stdout] 
[INFO] [stdout] error[E0425]: cannot find value `ERROR_BROKEN_PIPE` in this scope
[INFO] [stdout]    --> /opt/rustwide/cargo-home/registry/src/github.com-1ecc6299db9ec823/named_pipe-0.2.4/src/lib.rs:931:55
[INFO] [stdout]     |
[INFO] [stdout] 931 |             Err(err) => if err.raw_os_error() == Some(ERROR_BROKEN_PIPE as i32) {
[INFO] [stdout]     |                                                       ^^^^^^^^^^^^^^^^^ not found in this scope
[INFO] [stdout] 
[INFO] [stdout] 
[INFO] [stdout] error[E0425]: cannot find value `INFINITE` in this scope
[INFO] [stdout]    --> /opt/rustwide/cargo-home/registry/src/github.com-1ecc6299db9ec823/named_pipe-0.2.4/src/lib.rs:981:62
[INFO] [stdout]     |
[INFO] [stdout] 981 |             let timeout = self.get_write_timeout().unwrap_or(INFINITE);
[INFO] [stdout]     |                                                              ^^^^^^^^ not found in this scope
[INFO] [stdout] 
[INFO] [stdout] 
[INFO] [stdout] error[E0425]: cannot find function, tuple struct or tuple variant `ConnectNamedPipe` in this scope
[INFO] [stdout]     --> /opt/rustwide/cargo-home/registry/src/github.com-1ecc6299db9ec823/named_pipe-0.2.4/src/lib.rs:1024:27
[INFO] [stdout]      |
[INFO] [stdout] 1024 |     let result = unsafe { ConnectNamedPipe(handle.value, ovl.get_mut()) };
[INFO] [stdout]      |                           ^^^^^^^^^^^^^^^^ not found in this scope
[INFO] [stdout] 
[INFO] [stdout] 
[INFO] [stdout] error[E0425]: cannot find value `TRUE` in this scope
[INFO] [stdout]     --> /opt/rustwide/cargo-home/registry/src/github.com-1ecc6299db9ec823/named_pipe-0.2.4/src/lib.rs:1025:18
[INFO] [stdout]      |
[INFO] [stdout] 1025 |     if result == TRUE {
[INFO] [stdout]      |                  ^^^^ not found in this scope
[INFO] [stdout] 
[INFO] [stdout] 
[INFO] [stdout] error[E0425]: cannot find function, tuple struct or tuple variant `ReadFile` in this scope
[INFO] [stdout]     --> /opt/rustwide/cargo-home/registry/src/github.com-1ecc6299db9ec823/named_pipe-0.2.4/src/lib.rs:1045:9
[INFO] [stdout]      |
[INFO] [stdout] 1045 |         ReadFile(io_obj.handle,
[INFO] [stdout]      |         ^^^^^^^^ not found in this scope
[INFO] [stdout] 
[INFO] [stdout] 
[INFO] [stdout] error[E0412]: cannot find type `c_void` in this scope
[INFO] [stdout]     --> /opt/rustwide/cargo-home/registry/src/github.com-1ecc6299db9ec823/named_pipe-0.2.4/src/lib.rs:1046:43
[INFO] [stdout]      |
[INFO] [stdout] 1046 |                  buf.as_mut_ptr() as *mut c_void,
[INFO] [stdout]      |                                           ^^^^^^ not found in this scope
[INFO] [stdout]      |
[INFO] [stdout] help: consider importing this enum
[INFO] [stdout]      |
[INFO] [stdout] 30   | use std::os::raw::c_void;
[INFO] [stdout]      |
[INFO] [stdout] 
[INFO] [stdout] 
[INFO] [stdout] error[E0425]: cannot find value `ERROR_IO_PENDING` in this scope
[INFO] [stdout]     --> /opt/rustwide/cargo-home/registry/src/github.com-1ecc6299db9ec823/named_pipe-0.2.4/src/lib.rs:1062:58
[INFO] [stdout]      |
[INFO] [stdout] 1062 |         if result == 0 && err.raw_os_error().unwrap() == ERROR_IO_PENDING as i32 {
[INFO] [stdout]      |                                                          ^^^^^^^^^^^^^^^^ not found in this scope
[INFO] [stdout] 
[INFO] [stdout] 
[INFO] [stdout] error[E0425]: cannot find function, tuple struct or tuple variant `ReadFile` in this scope
[INFO] [stdout]     --> /opt/rustwide/cargo-home/registry/src/github.com-1ecc6299db9ec823/named_pipe-0.2.4/src/lib.rs:1080:9
[INFO] [stdout]      |
[INFO] [stdout] 1080 |         ReadFile(io_obj.handle,
[INFO] [stdout]      |         ^^^^^^^^ not found in this scope
[INFO] [stdout] 
[INFO] [stdout] 
[INFO] [stdout] error[E0412]: cannot find type `c_void` in this scope
[INFO] [stdout]     --> /opt/rustwide/cargo-home/registry/src/github.com-1ecc6299db9ec823/named_pipe-0.2.4/src/lib.rs:1081:43
[INFO] [stdout]      |
[INFO] [stdout] 1081 |                  buf.as_mut_ptr() as *mut c_void,
[INFO] [stdout]      |                                           ^^^^^^ not found in this scope
[INFO] [stdout]      |
[INFO] [stdout] help: consider importing this enum
[INFO] [stdout]      |
[INFO] [stdout] 30   | use std::os::raw::c_void;
[INFO] [stdout]      |
[INFO] [stdout] 
[INFO] [stdout] 
[INFO] [stdout] error[E0425]: cannot find value `ERROR_IO_PENDING` in this scope
[INFO] [stdout]     --> /opt/rustwide/cargo-home/registry/src/github.com-1ecc6299db9ec823/named_pipe-0.2.4/src/lib.rs:1097:58
[INFO] [stdout]      |
[INFO] [stdout] 1097 |         if result == 0 && err.raw_os_error().unwrap() == ERROR_IO_PENDING as i32 {
[INFO] [stdout]      |                                                          ^^^^^^^^^^^^^^^^ not found in this scope
[INFO] [stdout] 
[INFO] [stdout] 
[INFO] [stdout] error[E0425]: cannot find function, tuple struct or tuple variant `WriteFile` in this scope
[INFO] [stdout]     --> /opt/rustwide/cargo-home/registry/src/github.com-1ecc6299db9ec823/named_pipe-0.2.4/src/lib.rs:1117:9
[INFO] [stdout]      |
[INFO] [stdout] 1117 |         WriteFile(io_obj.handle,
[INFO] [stdout]      |         ^^^^^^^^^ not found in this scope
[INFO] [stdout] 
[INFO] [stdout] 
[INFO] [stdout] error[E0412]: cannot find type `c_void` in this scope
[INFO] [stdout]     --> /opt/rustwide/cargo-home/registry/src/github.com-1ecc6299db9ec823/named_pipe-0.2.4/src/lib.rs:1118:40
[INFO] [stdout]      |
[INFO] [stdout] 1118 |                   buf.as_ptr() as *mut c_void,
[INFO] [stdout]      |                                        ^^^^^^ not found in this scope
[INFO] [stdout]      |
[INFO] [stdout] help: consider importing this enum
[INFO] [stdout]      |
[INFO] [stdout] 30   | use std::os::raw::c_void;
[INFO] [stdout]      |
[INFO] [stdout] 
[INFO] [stdout] 
[INFO] [stdout] error[E0425]: cannot find value `ERROR_IO_PENDING` in this scope
[INFO] [stdout]     --> /opt/rustwide/cargo-home/registry/src/github.com-1ecc6299db9ec823/named_pipe-0.2.4/src/lib.rs:1135:58
[INFO] [stdout]      |
[INFO] [stdout] 1135 |         if result == 0 && err.raw_os_error().unwrap() == ERROR_IO_PENDING as i32 {
[INFO] [stdout]      |                                                          ^^^^^^^^^^^^^^^^ not found in this scope
[INFO] [stdout] 
[INFO] [stdout] 
[INFO] [stdout] error[E0425]: cannot find function, tuple struct or tuple variant `WriteFile` in this scope
[INFO] [stdout]     --> /opt/rustwide/cargo-home/registry/src/github.com-1ecc6299db9ec823/named_pipe-0.2.4/src/lib.rs:1156:9
[INFO] [stdout]      |
[INFO] [stdout] 1156 |         WriteFile(io_obj.handle,
[INFO] [stdout]      |         ^^^^^^^^^ not found in this scope
[INFO] [stdout] 
[INFO] [stdout] 
[INFO] [stdout] error[E0412]: cannot find type `c_void` in this scope
[INFO] [stdout]     --> /opt/rustwide/cargo-home/registry/src/github.com-1ecc6299db9ec823/named_pipe-0.2.4/src/lib.rs:1157:40
[INFO] [stdout]      |
[INFO] [stdout] 1157 |                   buf.as_ptr() as *mut c_void,
[INFO] [stdout]      |                                        ^^^^^^ not found in this scope
[INFO] [stdout]      |
[INFO] [stdout] help: consider importing this enum
[INFO] [stdout]      |
[INFO] [stdout] 30   | use std::os::raw::c_void;
[INFO] [stdout]      |
[INFO] [stdout] 
[INFO] [stdout] 
[INFO] [stdout] error[E0425]: cannot find value `ERROR_IO_PENDING` in this scope
[INFO] [stdout]     --> /opt/rustwide/cargo-home/registry/src/github.com-1ecc6299db9ec823/named_pipe-0.2.4/src/lib.rs:1174:58
[INFO] [stdout]      |
[INFO] [stdout] 1174 |         if result == 0 && err.raw_os_error().unwrap() == ERROR_IO_PENDING as i32 {
[INFO] [stdout]      |                                                          ^^^^^^^^^^^^^^^^ not found in this scope
[INFO] [stdout] 
[INFO] [stdout] 
[INFO] [stdout] error[E0425]: cannot find function, tuple struct or tuple variant `GetOverlappedResult` in this scope
[INFO] [stdout]     --> /opt/rustwide/cargo-home/registry/src/github.com-1ecc6299db9ec823/named_pipe-0.2.4/src/lib.rs:1192:9
[INFO] [stdout]      |
[INFO] [stdout] 1192 |         GetOverlappedResult(io_obj.handle,
[INFO] [stdout]      |         ^^^^^^^^^^^^^^^^^^^ not found in this scope
[INFO] [stdout] 
[INFO] [stdout] 
[INFO] [stdout] error[E0425]: cannot find value `TRUE` in this scope
[INFO] [stdout]     --> /opt/rustwide/cargo-home/registry/src/github.com-1ecc6299db9ec823/named_pipe-0.2.4/src/lib.rs:1195:29
[INFO] [stdout]      |
[INFO] [stdout] 1195 | ...                   TRUE)
[INFO] [stdout]      |                       ^^^^ not found in this scope
[INFO] [stdout] 
[INFO] [stdout] 
[INFO] [stdout] error[E0425]: cannot find function, tuple struct or tuple variant `WaitForSingleObject` in this scope
[INFO] [stdout]     --> /opt/rustwide/cargo-home/registry/src/github.com-1ecc6299db9ec823/named_pipe-0.2.4/src/lib.rs:1208:9
[INFO] [stdout]      |
[INFO] [stdout] 1208 |         WaitForSingleObject(io_obj.ovl.event.handle.value,
[INFO] [stdout]      |         ^^^^^^^^^^^^^^^^^^^ not found in this scope
[INFO] [stdout] 
[INFO] [stdout] 
[INFO] [stdout] error[E0425]: cannot find value `MAXIMUM_WAIT_OBJECTS` in this scope
[INFO] [stdout]     --> /opt/rustwide/cargo-home/registry/src/github.com-1ecc6299db9ec823/named_pipe-0.2.4/src/lib.rs:1222:27
[INFO] [stdout]      |
[INFO] [stdout] 1222 |     assert!(list.len() <= MAXIMUM_WAIT_OBJECTS as usize);
[INFO] [stdout]      |                           ^^^^^^^^^^^^^^^^^^^^ not found in this scope
[INFO] [stdout] 
[INFO] [stdout] 
[INFO] [stdout] error[E0425]: cannot find function, tuple struct or tuple variant `WaitForMultipleObjects` in this scope
[INFO] [stdout]     --> /opt/rustwide/cargo-home/registry/src/github.com-1ecc6299db9ec823/named_pipe-0.2.4/src/lib.rs:1233:13
[INFO] [stdout]      |
[INFO] [stdout] 1233 |             WaitForMultipleObjects(events.len() as u32,
[INFO] [stdout]      |             ^^^^^^^^^^^^^^^^^^^^^^ not found in this scope
[INFO] [stdout] 
[INFO] [stdout] 
[INFO] [stdout] error[E0425]: cannot find value `TRUE` in this scope
[INFO] [stdout]     --> /opt/rustwide/cargo-home/registry/src/github.com-1ecc6299db9ec823/named_pipe-0.2.4/src/lib.rs:1235:45
[INFO] [stdout]      |
[INFO] [stdout] 1235 | ...                   if all { TRUE } else { FALSE },
[INFO] [stdout]      |                                ^^^^ not found in this scope
[INFO] [stdout] 
[INFO] [stdout] 
[INFO] [stdout] error[E0425]: cannot find value `FALSE` in this scope
[INFO] [stdout]     --> /opt/rustwide/cargo-home/registry/src/github.com-1ecc6299db9ec823/named_pipe-0.2.4/src/lib.rs:1235:59
[INFO] [stdout]      |
[INFO] [stdout] 1235 | ...                   if all { TRUE } else { FALSE },
[INFO] [stdout]      |                                              ^^^^^ not found in this scope
[INFO] [stdout] 
[INFO] [stdout] 
[INFO] [stdout] error[E0425]: cannot find value `INFINITE` in this scope
[INFO] [stdout]     --> /opt/rustwide/cargo-home/registry/src/github.com-1ecc6299db9ec823/named_pipe-0.2.4/src/lib.rs:1265:51
[INFO] [stdout]      |
[INFO] [stdout] 1265 |     match try!(wait_for_multiple_obj(list, false, INFINITE)) {
[INFO] [stdout]      |                                                   ^^^^^^^^ not found in this scope
[INFO] [stdout] 
[INFO] [stdout] 
[INFO] [stdout] error[E0599]: no method named `encode_wide` found for struct `OsString` in the current scope
[INFO] [stdout]    --> /opt/rustwide/cargo-home/registry/src/github.com-1ecc6299db9ec823/named_pipe-0.2.4/src/lib.rs:190:35
[INFO] [stdout]     |
[INFO] [stdout] 190 |         let full_name = full_name.encode_wide().collect::<Vec<u16>>();
[INFO] [stdout]     |                                   ^^^^^^^^^^^ method not found in `OsString`
[INFO] [stdout] 
[INFO] [stdout] 
[INFO] [stdout] error[E0599]: no method named `encode_wide` found for struct `OsString` in the current scope
[INFO] [stdout]    --> /opt/rustwide/cargo-home/registry/src/github.com-1ecc6299db9ec823/named_pipe-0.2.4/src/lib.rs:503:35
[INFO] [stdout]     |
[INFO] [stdout] 503 |         let full_name = full_name.encode_wide().collect::<Vec<u16>>();
[INFO] [stdout]     |                                   ^^^^^^^^^^^ method not found in `OsString`
[INFO] [stdout] 
[INFO] [stdout] 
[INFO] [stdout] error: aborting due to 82 previous errors
[INFO] [stdout] 
[INFO] [stdout] 
[INFO] [stdout] Some errors have detailed explanations: E0412, E0425, E0433, E0599.
[INFO] [stdout] 
[INFO] [stdout] For more information about an error, try `rustc --explain E0412`.
[INFO] [stdout] 
[INFO] [stderr] error: could not compile `named_pipe`.
[INFO] [stderr] 
[INFO] [stderr] To learn more, run the command again with --verbose.
[INFO] [stderr] warning: build failed, waiting for other jobs to finish...
[INFO] [stderr] error: build failed
[INFO] running `Command { std: "docker" "inspect" "cf7b07be4b1aa1bb08d9e484aea59f6fd26755f71aa1599f596160e7e001e477", kill_on_drop: false }`
[INFO] running `Command { std: "docker" "rm" "-f" "cf7b07be4b1aa1bb08d9e484aea59f6fd26755f71aa1599f596160e7e001e477", kill_on_drop: false }`
[INFO] [stdout] cf7b07be4b1aa1bb08d9e484aea59f6fd26755f71aa1599f596160e7e001e477
